 millions digit of 1532567?
1
What is the units digit of 4734750?
0
What is the millions digit of 1513741?
1
What is the hundreds digit of 149919?
9
What is the hundred thousands digit of 1847570?
8
What is the millions digit of 14406455?
4
What is the tens digit of 1811?
1
What is the hundreds digit of 7074303?
3
What is the units digit of 2768452?
2
What is the hundreds digit of 916068?
0
What is the ten thousands digit of 101481?
0
What is the millions digit of 2232392?
2
What is the units digit of 329463?
3
What is the hundred thousands digit of 2614205?
6
What is the hundreds digit of 773479?
4
What is the units digit of 14825287?
7
What is the thousands digit of 2996813?
6
What is the hundred thousands digit of 521256?
5
What is the millions digit of 19703444?
9
What is the thousands digit of 8662238?
2
What is the millions digit of 7903008?
7
What is the ten thousands digit of 400897?
0
What is the millions digit of 1640852?
1
What is the ten thousands digit of 13079?
1
What is the hundreds digit of 434352?
3
What is the hundreds digit of 1407035?
0
What is the units digit of 136381?
1
What is the ten thousands digit of 2034882?
3
What is the tens digit of 42578802?
0
What is the units digit of 8924836?
6
What is the millions digit of 19979670?
9
What is the tens digit of 703136?
3
What is the hundred thousands digit of 7381306?
3
What is the tens digit of 686873?
7
What is the ten thousands digit of 858175?
5
What is the hundreds digit of 5588439?
4
What is the tens digit of 163559?
5
What is the tens digit of 369499?
9
What is the units digit of 21517778?
8
What is the hundreds digit of 51786?
7
What is the ten thousands digit of 5673731?
7
What is the units digit of 51379?
9
What is the units digit of 727634?
4
What is the ten thousands digit of 140102?
4
What is the hundreds digit of 606457?
4
What is the ten thousands digit of 5769049?
6
What is the units digit of 553707?
7
What is the tens digit of 271533?
3
What is the hundred thousands digit of 26080247?
0
What is the units digit of 17589886?
6
What is the millions digit of 4097882?
4
What is the millions digit of 7452984?
7
What is the hundreds digit of 120018?
0
What is the units digit of 278531?
1
What is the units digit of 284265?
5
What is the hundreds digit of 265784?
7
What is the ten thousands digit of 411954?
1
What is the tens digit of 1343076?
7
What is the hundreds digit of 4555278?
2
What is the hundred thousands digit of 784706?
7
What is the tens digit of 4575700?
0
What is the ten thousands digit of 1147733?
4
What is the hundreds digit of 107563?
5
What is the tens digit of 2168?
6
What is the thousands digit of 21259910?
9
What is the ten thousands digit of 118713?
1
What is the ten thousands digit of 288271?
8
What is the hundred thousands digit of 6675981?
6
What is the ten thousands digit of 393229?
9
What is the millions digit of 24633740?
4
What is the thousands digit of 148318?
8
What is the tens digit of 100341?
4
What is the units digit of 11711391?
1
What is the ten thousands digit of 1553716?
5
What is the millions digit of 17363330?
7
What is the millions digit of 2111500?
2
What is the units digit of 515299?
9
What is the hundred thousands digit of 855710?
8
What is the tens digit of 9852200?
0
What is the ten thousands digit of 290827?
9
What is the hundred thousands digit of 3234446?
2
What is the tens digit of 425905?
0
What is the ten thousands digit of 2695206?
9
What is the units digit of 1701225?
5
What is the hundred thousands digit of 29359960?
3
What is the hundred thousands digit of 1296126?
2
What is the tens digit of 6821011?
1
What is the hundred thousands digit of 5410559?
4
What is the ten thousands digit of 79627?
7
What is the tens digit of 65343?
4
What is the units digit of 286398?
8
What is the ten thousands digit of 19639?
1
What is the thousands digit of 4169425?
9
What is the hundred thousands digit of 5859909?
8
What is the hundreds digit of 1803859?
8
What is the ten thousands digit of 924865?
2
What is the millions digit of 2234387?
2
What is the units digit of 918489?
9
What is the ten thousands digit of 301167?
0
What is the ten thousands digit of 175756?
7
What is the hundreds digit of 368084?
0
What is the thousands digit of 144622?
4
What is the units digit of 14324000?
0
What is the hundred thousands digit of 14627183?
6
What is the tens digit of 1820053?
5
What is the hundreds digit of 3873?
8
What is the hundreds digit of 21579?
5
What is the units digit of 4498187?
7
What is the hundred thousands digit of 366109?
3
What is the hundreds digit of 853443?
4
What is the hundreds digit of 8492572?
5
What is the ten thousands digit of 22836362?
3
What is the thousands digit of 678733?
8
What is the tens digit of 396537?
3
What is the millions digit of 9006043?
9
What is the tens digit of 2066437?
3
What is the units digit of 281167?
7
What is the units digit of 599984?
4
What is the ten thousands digit of 14006867?
0
What is the thousands digit of 312055?
2
What is the hundreds digit of 20322?
3
What is the millions digit of 4282892?
4
What is the ten thousands digit of 352734?
5
What is the units digit of 722165?
5
What is the thousands digit of 4200104?
0
What is the ten thousands digit of 95118?
9
What is the hundreds digit of 8654039?
0
What is the hundred thousands digit of 3808215?
8
What is the tens digit of 4154231?
3
What is the millions digit of 1685585?
1
What is the hundred thousands digit of 286322?
2
What is the ten thousands digit of 633698?
3
What is the units digit of 6793162?
2
What is the hundreds digit of 422839?
8
What is the ten thousands digit of 86843?
8
What is the thousands digit of 187552?
7
What is the millions digit of 1429175?
1
What is the thousands digit of 3359850?
9
What is the hundreds digit of 20867589?
5
What is the units digit of 584432?
2
What is the millions digit of 6983563?
6
What is the ten thousands digit of 231198?
3
What is the hundred thousands digit of 136107?
1
What is the hundreds digit of 2918389?
3
What is the hundreds digit of 686896?
8
What is the ten thousands digit of 99954?
9
What is the hundred thousands digit of 2486422?
4
What is the ten thousands digit of 515374?
1
What is the tens digit of 2217749?
4
What is the units digit of 4565083?
3
What is the hundreds digit of 16620720?
7
What is the tens digit of 46348?
4
What is the hundreds digit of 513965?
9
What is the thousands digit of 3453601?
3
What is the hundred thousands digit of 710916?
7
What is the hundreds digit of 188246?
2
What is the thousands digit of 138582?
8
What is the units digit of 16802737?
7
What is the tens digit of 8913814?
1
What is the tens digit of 91359?
5
What is the thousands digit of 134828?
4
What is the units digit of 765333?
3
What is the tens digit of 238185?
8
What is the thousands digit of 3032871?
2
What is the hundreds digit of 1795054?
0
What is the hundreds digit of 2465431?
4
What is the ten thousands digit of 858158?
5
What is the millions digit of 2373549?
2
What is the tens digit of 8082534?
3
What is the units digit of 117384?
4
What is the thousands digit of 2337552?
7
What is the units digit of 803990?
0
What is the thousands digit of 26452?
6
What is the hundreds digit of 47641?
6
What is the ten thousands digit of 18881332?
8
What is the units digit of 4039694?
4
What is the millions digit of 2851263?
2
What is the units digit of 647442?
2
What is the tens digit of 17428485?
8
What is the hundreds digit of 13586826?
8
What is the hundred thousands digit of 279205?
2
What is the tens digit of 1342425?
2
What is the hundreds digit of 818566?
5
What is the ten thousands digit of 322833?
2
What is the tens digit of 2226651?
5
What is the hundreds digit of 724363?
3
What is the hundreds digit of 764917?
9
What is the hundred thousands digit of 5992491?
9
What is the thousands digit of 220360?
0
What is the tens digit of 7604128?
2
What is the thousands digit of 7612?
7
What is the ten millions digit of 19134666?
1
What is the thousands digit of 541013?
1
What is the units digit of 8878613?
3
What is the thousands digit of 23984484?
4
What is the tens digit of 2182351?
5
What is the hundreds digit of 475322?
3
What is the thousands digit of 489244?
9
What is the hu